e prime factors of 4824090651.
3, 67, 727, 33013
What are the prime factors of 291736372?
2, 72934093
List the prime factors of 767686941.
3, 7, 277, 43991
What are the prime factors of 503313658?
2, 1949, 129121
List the prime factors of 96614702.
2, 2423, 19937
What are the prime factors of 181899636?
2, 3, 109, 139067
List the prime factors of 3415244008.
2, 11, 197, 197003
List the prime factors of 68009388.
2, 3, 53, 61, 1753
What are the prime factors of 89866060?
2, 5, 23, 347, 563
What are the prime factors of 118277180?
2, 5, 7, 120691
What are the prime factors of 102910974?
2, 3, 233, 73613
List the prime factors of 37191269.
37191269
What are the prime factors of 865190877?
3, 17, 61, 71, 3917
What are the prime factors of 680275981?
7, 11, 19, 24473
What are the prime factors of 94259994?
2, 3, 1151, 13649
List the prime factors of 257363604.
2, 3, 7148989
What are the prime factors of 14687004?
2, 3, 1009, 1213
List the prime factors of 30180784.
2, 23, 82013
What are the prime factors of 162241683?
3, 1483, 36467
What are the prime factors of 7670107209?
3, 17, 71, 211, 10039
What are the prime factors of 803584358?
2, 113, 229, 15527
List the prime factors of 524040407.
11, 47640037
List the prime factors of 55167023.
17, 137, 23687
What are the prime factors of 288207509?
151, 1908659
What are the prime factors of 3900954778?
2, 7, 29, 196087
List the prime factors of 88102804.
2, 163, 829
What are the prime factors of 620429926?
2, 17, 2699, 6761
List the prime factors of 70249321.
17, 4132313
What are the prime factors of 50395331?
7, 73, 98621
List the prime factors of 2247355877.
13, 9343, 18503
What are the prime factors of 1006104820?
2, 5, 7, 7186463
List the prime factors of 37865527.
7, 5409361
List the prime factors of 209244818.
2, 719, 145511
What are the prime factors of 2202583609?
239, 9215831
List the prime factors of 1480851025.
5, 59234041
List the prime factors of 2953870756.
2, 1117, 661117
What are the prime factors of 67109429?
197, 340657
List the prime factors of 482589367.
13, 107, 233, 1489
List the prime factors of 46814804.
2, 17, 688453
List the prime factors of 329126803.
23, 37, 41, 9433
List the prime factors of 101344968.
2, 3, 1407569
List the prime factors of 35693068.
2, 8923267
What are the prime factors of 11930677?
11, 971, 1117
List the prime factors of 57695459.
157, 179, 2053
What are the prime factors of 3393132410?
2, 5, 339313241
List the prime factors of 542064664.
2, 67758083
What are the prime factors of 1555969316?
2, 11, 35362939
List the prime factors of 163880003.
7, 1217, 19237
What are the prime factors of 41808805?
5, 8361761
List the prime factors of 80020716.
2, 3, 1093, 6101
What are the prime factors of 31914462?
2, 3, 107, 49711
List the prime factors of 154221988.
2, 59, 673, 971
List the prime factors of 150763581.
3, 16751509
What are the prime factors of 227530294?
2, 659, 172633
List the prime factors of 703392480.
2, 3, 5, 7, 31, 2251
List the prime factors of 908195487.
3, 7457, 40597
What are the prime factors of 2069656231?
2069656231
What are the prime factors of 90902709?
3, 3366767
List the prime factors of 10719867.
3, 239, 14951
List the prime factors of 22250799.
3, 607, 4073
List the prime factors of 365298069.
3, 41, 2969903
List the prime factors of 661561150.
2, 5, 857, 15439
What are the prime factors of 68374972?
2, 211, 81013
List the prime factors of 428127394.
2, 113, 1894369
What are the prime factors of 32350831?
1051, 30781
List the prime factors of 98622484.
2, 24655621
List the prime factors of 2639992003.
11, 23, 29, 349, 1031
What are the prime factors of 67860991?
11, 17, 101, 3593
What are the prime factors of 20180200?
2, 5, 23, 41, 107
What are the prime factors of 2103616780?
2, 5, 105180839
What are the prime factors of 3354729865?
5, 67, 79, 126761
List the prime factors of 197869260.
2, 3, 5, 1549, 2129
What are the prime factors of 2665551953?
61, 857, 50989
List the prime factors of 40465136.
2, 19, 133109
List the prime factors of 77021288.
2, 17, 19, 41, 727
List the prime factors of 154388451.
3, 7, 103, 137, 521
What are the prime factors of 5976773283?
3, 13, 17, 47, 191803
List the prime factors of 23647641.
3, 149, 52903
What are the prime factors of 1201486284?
2, 3, 449, 2753
List the prime factors of 452870241.
3, 8263, 18269
List the prime factors of 17074342.
2, 1973, 4327
What are the prime factors of 65370261?
3, 11, 461, 4297
What are the prime factors of 7636929?
3, 43, 53, 1117
List the prime factors of 401520719.
401520719
What are the prime factors of 563159694?
2, 3, 93859949
List the prime factors of 1766959.
499, 3541
List the prime factors of 49559042.
2, 13, 1906117
List the prime factors of 126657784.
2, 11, 1439293
List the prime factors of 50482306.
2, 7, 3605879
List the prime factors of 717996441.
3, 317, 754991
What are the prime factors of 1131001058?
2, 11, 17, 239, 12653
List the prime factors of 2476734.
2, 3, 13, 113, 281
List the prime factors of 3283306821.
3, 364811869
What are the prime factors of 25710423?
3, 797, 10753
What are the prime factors of 3717472367?
7, 73, 293, 3547
List the prime factors of 70252405.
5, 19, 38921
List the prime factors of 551501069.
7, 78785867
What are the prime factors of 863641855?
5, 172728371
What are the prime factors of 690448673?
73, 9458201
What are the prime factors of 114195085?
5, 709, 32213
List the prime factors of 7443822.
2, 3, 1240637
List the prime factors of 15090467.
7, 2155781
List the prime factors of 1824228140.
2, 5, 7, 13030201
List the prime factors of 1270500518.
2, 7, 12964291
List the prime factors of 15611824.
2, 975739
List the prime factors of 484811915.
5, 7, 947, 14627
What are the prime factors of 27452013?
3, 61, 150011
What are the prime factors of 57158437?
7, 17, 67, 107
What are the prime factors of 193620728?
2, 7, 3457513
What are the prime factors of 50740963?
7, 13, 19, 29347
List the prime factors of 1553300977.
19, 81752683
What are the prime factors of 23270449?
23270449
What are the prime factors of 540555403?
191, 2830133
What are the prime factors of 3256965265?
5, 651393053
What are the prime factors of 138268198?
2, 69134099
List the prime factors of 1014695855.
5, 19, 10681009
What are the prime factors of 2231582955?
3, 5, 7, 1637, 12983
What are the prime factors of 1048705374?
2, 3, 3137, 55717
What are the prime factors of 309298857?
3, 7, 163, 90359
List the prime factors of 5510544932.
2, 331, 941, 4423
What are the prime factors of 14233967?
11, 937, 1381
List the prime factors of 311461697.
1559, 199783
List the prime factors of 860446572.
2, 3, 71703881
What are the prime factors of 688943432?
2, 269, 320141
List the prime factors of 458163488.
2, 14317609
What are the prime factors of 127078813?
199, 638587
What are the prime factors of 217436395?
5, 11, 281, 1279
What are the prime factors of 491554119?
3, 7, 23407339
What are the prime factors of 329567462?
2, 7, 53, 541, 821
List the prime factors of 1731735931.
2389, 724879
List the prime factors of 260104172.
2, 7541, 8623
What are the prime factors of 102915951?
3, 19, 89, 20287
List the prime factors of 1338903318.
2, 3, 3187, 70019
List the prime factors of 1404290749.
3347, 419567
What are the prime factors of 40534135?
5, 53, 152959
What are the prime factors of 1481779893?
3, 11, 41, 139, 7879
What are the prime factors of 1764882287?
7, 71, 439, 8089
What are the prime factors of 1764256068?
2, 3, 49007113
List the prime factors of 464514136.
2, 257, 225931
List the prime factors of 84595003.
84595003
List the prime factors of 1125486258.
2, 3, 13, 17, 109, 599
What are the prime factors of 57842201?
439, 131759
List the prime factors of 2550345898.
2, 29, 43971481
What are the prime factors of 55871619?
3, 89, 209257
What are the prime factors of 3181687351?
19, 751, 222979
List the prime factors of 1667040794.
2, 833520397
What are the prime factors of 123951827?
863, 143629
List the prime factors of 110558158.
2, 83, 666013
What are the prime factors of 11284261?
11284261
What are the prime factors of 1424002046?
2, 673, 1057951
List the prime factors of 54773678.
2, 27386839
What are the prime factors of 48145590?
2, 3, 5, 198